s the units digit of j?
2
Let s be 3*((-4)/6)/(-1). Let o be 9/(s*(-1)/(-2)). What is the units digit of (6/o)/((-2)/(-9))?
3
Let z(l) = -l - 1. Let r(t) = 16*t**2 + 3*t + 6. Suppose 0 = -3*c + 5 - 2. Let f(d) = c*r(d) + 5*z(d). What is the tens digit of f(1)?
1
Let a = 1 - 3. Let y = 5 + a. What is the units digit of 3*y/9 + 1?
2
Let n = 201 - 100. What is the tens digit of n?
0
Let s(t) = t + 6. Let n be s(0). What is the units digit of (n/4)/(3/12)?
6
Let w(v) = 3*v**3 - 2*v**2 + v. Let i be w(1). Suppose 0 = -5*l + i + 13. What is the units digit of l?
3
Suppose 3*k = -u + 61, 0 = -0*k + 3*k - u - 53. Let n = k - 11. What is the units digit of n?
8
What is the units digit of (-4)/(-10) + (-99)/(-15)?
7
What is the tens digit of -4*10*26/(-4)?
6
Let q(f) be the first derivative of f**4/4 - 7*f**3/3 - 4*f**2 + 8*f + 2. What is the units digit of q(8)?
8
Let i be 3/3 + (-1 - 0). Let h be 5/(15/12)*1. Suppose 2*k = -3*u + 4*k + 50, i = -h*u - 2*k + 76. What is the units digit of u?
8
Let j(m) = 5*m**2 - 10*m - 7. Let k(y) = -9*y**2 + 19*y + 13. Let t(q) = -11*j(q) - 6*k(q). Let z = 6 + -8. What is the units digit of t(z)?
3
Let o(y) = 3*y - 10. Let i = 2 + 9. What is the tens digit of o(i)?
2
Let s(v) = -4 + 14*v - 2 + 1 + 2. What is the units digit of s(2)?
5
Suppose 10 = -3*b + 2*b. What is the units digit of (96/b)/(18/(-60))?
2
Suppose 2*b = 4*b + 8, -204 = -2*a + 3*b. Let l = -54 + a. What is the tens digit of l?
4
Let w(t) = t**3 + 9*t**2 + 6*t - 9. Let x be w(-8). Suppose 8*u - 3*u - 60 = 0. Let c = x + u. What is the tens digit of c?
1
Suppose 6*u = 3*u + 204. Suppose 5*i - o - u = 0, i - 5 = -2*o + 2. What is the tens digit of i?
1
Suppose -10 = 2*a, i = -i - 5*a - 31. Let s be 1*-1*(0 + 10). Let v = i - s. What is the units digit of v?
7
Let h be -2*(0 - (1 - -1)). Suppose n + 20 = -3*n, 2*k + h*n + 16 = 0. Let d(v) = 3*v + 2. What is the units digit of d(k)?
8
Let i = 5 - 8. Let b = i - -17. What is the units digit of b?
4
Let n(s) = -6*s + 4. What is the tens digit of n(-9)?
5
Suppose -20 = -3*g - 2*g. Suppose 6*b = g*c + b - 3, 3*c = b + 5. Suppose -2*q = -5*s - 28 - 6, c*q = s + 18. What is the units digit of q?
7
Suppose 378 = 3*h - 0*h. What is the tens digit of h?
2
Let p = -24 - -34. Suppose 47 = 3*m + 5*b + p, 4*m + 2*b = 40. What is the units digit of m?
9
Suppose -4*k = -4*v + 136, -k - 130 = -v - 3*v. Suppose 3*b = -b + v. What is the units digit of b?
8
Let g(f) = -f**3 + 12*f**2 + 14*f - 4. Let o be g(13). Let q(s) = s**3 - 9*s**2 + 2*s - 6. What is the units digit of q(o)?
2
Let x = -197 + 279. What is the tens digit of x?
8
Let h be 2 + 0/(-1) - -3. Let s(c) = -c**3 + 4*c**2 + 5*c + 5. What is the units digit of s(h)?
5
What is the units digit of (-6)/18 - (-68)/6?
1
Let a = -2 - -10. What is the units digit of a?
8
Let u(m) = 5*m**2 + 1. Suppose f = 5*l - 0*f, -f + 7 = 2*l. Let a = l + -2. What is the units digit of u(a)?
6
Suppose w + 52 = 4*b, -b - 1 - 1 = -4*w. Suppose 9*n - 4*n = y + b, n - 3*y = 0. Suppose 0 = u - n*u + 28. What is the units digit of u?
4
Suppose 0 = -2*i - 7 - 35. Let k = i + 49. What is the units digit of k?
8
Let t = -4 + 8. Suppose 8 + 9 = t*i + 5*u, 4*i = -u + 29. What is the units digit of i?
8
Let s be ((-34)/51)/(2/(-81)). Let x = -15 + s. What is the tens digit of x?
1
Let r = 3 - 3. Suppose -o = -r*o - 2. Suppose -o*n - 6 = -24. What is the units digit of n?
9
Suppose r - 2*r + 6 = 3*b, 0 = -2*r - 3*b + 15. Let l = -4 + r. Let d(c) = -c**2 + 5*c + 7. What is the units digit of d(l)?
7
Suppose -2*t + 4*o + 44 = 0, -5*t + o + o + 94 = 0. What is the tens digit of t?
1
Let m = -13 + 19. Suppose -3*s - 3 = -3*n, 4*n + 3*s - 1 = m*n. Suppose -b + n*p + 15 + 9 = 0, 5*b = -4*p. What is the units digit of b?
4
Let k be -2 - (-3)/(9/21). Suppose -y = -3*b + 5, b + 13 = 5*b + k*y. Suppose -b*d - 2*d = -12. What is the units digit of d?
3
Let j = -16 + 22. Let d = 6 - j. Suppose d = l - 2*l + 4. What is the units digit of l?
4
Let f(i) = -i**2 + 4*i - 2. Let p be f(4). Let u = 0 - p. Suppose -3*k + l + 45 = 0, -u*k + 34 = -0*l - 2*l. What is the units digit of k?
4
Let u(r) = r**3 - 7*r**2 + 7*r - 1. Let b be u(6). Suppose d - 36 - b = -5*w, -2*d = -4*w - 40. What is the tens digit of d?
2
Suppose -3*q + 7*q = -5*t - 16, -2*t - 11 = -3*q. Let g be (2/2)/(t/(-164)). Suppose 4*h - 15 - g = 0. What is the tens digit of h?
1
Suppose -3*l + 15 = -5*s, 2*s + 10 = -s + 2*l. Suppose s = -4*o + 32 + 68. Let k = 35 - o. What is the tens digit of k?
1
Let w = -15 - -4. Let o = -6 - w. Let x = o + -1. What is the units digit of x?
4
Suppose 1475 = 7*x - 2*x + 4*i, x + 2*i - 289 = 0. What is the hundreds digit of x?
2
Let s(g) = g**3 + g**2 - g. Suppose 0 = 2*u - 3*j - 5, 2*j - 14 = -2*u - 4. Suppose x + 3 = u. What is the units digit of s(x)?
1
Let h = -8 - -14. Let z be ((-4)/h)/((-1)/3). What is the units digit of 26/10 + z/5?
3
Let x(d) = 23*d - 35. What is the tens digit of x(17)?
5
Suppose 6*m - 266 = m + 3*a, -5*m = -5*a - 260. What is the tens digit of m?
5
Let h = 87 + -31. What is the units digit of h?
6
Suppose 3*p - 114 = 201. What is the hundreds digit of p?
1
Suppose -5*y - a + 30 = 0, 3*y - 58 = -5*a - 18. Suppose 3*g = 11 - y. Suppose -9 = -l - g. What is the units digit of l?
7
Let c be 6/(-5)*(-40)/12. Let h(g) = g**2 - 7*g + 8. Let q be h(6). Suppose -4*s = -q*s - c. What is the units digit of s?
2
Let b(r) = r**3 + 17*r**2 - 3*r - 23. What is the units digit of b(-17)?
8
Let s(o) = 6*o - 1. Let f be s(1). Suppose 16 = f*q - q. What is the units digit of q?
4
Suppose 4*j + 32 = -4*r, 3*j = -4*r - 33 + 2. What is the units digit of (-172)/(-14) - (-2)/r?
2
Suppose -5*c + 120 = -c. Suppose c = j - 4*s, 2*s = 6*s + 20. Let g = j - -2. What is the units digit of g?
2
Suppose -2*h = -3*h. Let y = 12 - h. What is the tens digit of y?
1
Let z = 15 - 22. Let x = z + 9. What is the units digit of x?
2
Let t be (0 + 2 - 6)/(-2). What is the units digit of ((-2)/(-3))/(t/24)?
8
Let v = -6 - -3. Let j = 5 - v. What is the units digit of j?
8
Suppose 26 + 14 = -4*s. What is the units digit of (-392)/(-20) + 6/s?
9
Suppose -66 = -9*u + 1113. What is the hundreds digit of u?
1
Suppose 0 = -s + 2*a + 39, 2*a = -3*s - a + 99. What is the units digit of s?
5
Suppose -14 = 4*q - 3*q + 3*k, -3*k = -4*q - 41. Let y be (-1)/(-3) + q/(-3). Suppose -21 = -y*a + 39. What is the units digit of a?
5
Let v = -5 + 7. Suppose 3*p = 7*p + v*o - 20, 3*o + 6 = 0. What is the units digit of p?
6
Let k be (-6)/12 + (-11)/(-2). Suppose s = 5*c + 52, k*c = -3*s - 8 + 64. What is the units digit of s?
7
Let l(g) be the third derivative of 0 + 1/12*g**5 + 1/120*g**6 + 0*g + 2*g**2 - 1/12*g**4 - 1/3*g**3. What is the units digit of l(-5)?
8
Let s(d) = d**3 + 8*d**2 - 5*d - 5. What is the units digit of s(-4)?
9
Let s = -3 - -4. Let h = -23 - -14. Let m = s - h. What is the units digit of m?
0
Let b(w) = w**3 - 2*w**2 - 1. Let v be b(3). Suppose 0 = -4*o - 2*u + 40, -o - u + v = -0*u. What is the units digit of (1/(-3))/((-1)/o)?
4
Suppose -4*k + 2*n = -8, -3*k - 2*n - 1 = -0*n. What is the units digit of -7 - -7 - k*-10?
0
Let u(k) = -k**3 + 4*k**2 + 2*k - 5. Let n be u(4). Suppose 2*t - 120 = -n*t. Let i = t - 8. What is the units digit of i?
6
Suppose 5*w + 3*v - 937 = 0, 3*w - 568 + 1 = 3*v. What is the units digit of w?
8
Suppose -2*q + 146 = -0*m + m, -3*q = -2*m - 212. What is the units digit of q?
2
Let f = 62 + -26. Suppose 5*d - f = d. Let q = 22 - d. What is the tens digit of q?
1
Let j(c) = c**2 - 7*c + 7. Let q be j(5). Let z(p) = p**2 + p - 1. What is the units digit of z(q)?
5
Let f = 10 + -13. Let s(h) = -1 - 3*h**2 + 0*h**3 - h**3 + 2. What is the units digit of s(f)?
1
Let b(w) = 3*w - 6. What is the units digit of b(5)?
9
Let i(r) = 2*r - 8. Let a be i(4). Suppose 2*w = -8, d - 2 = -3*w - a. What is the units digit of d?
4
Let q = -6 - -9. Let s = q - -8. What is the units digit of s?
1
Let z(g) = -g**3 + 15*g**2 - 16*g + 30. What is the units digit of z(14)?
2
Let b = -22 - -45. What is the tens digit of b?
2
Suppose 0 = 8*p - 4*p - 8. Let o = p + 2. What is the units digit of o?
4
Let m(y) = y**3 + 3*y**2 - 5*y. Let n be m(-4). What is the units digit of ((-24)/(-30))/(n/10)?
2
Let a be (-53)/3 + (-2)/(-3